 is the units digit of z(p)?
5
Let g(o) = o + 8. Let n be g(-4). Suppose 2*y = n*t - 2*y + 8, -5*t + 3*y = 0. What is the units digit of t?
3
Let v be 3 + -2 + (-1)/(-1). Let i = v + 0. Suppose 0 = 5*y, -24 = -i*m - 4*y - 0*y. What is the units digit of m?
2
Let v be (-72)/15*(-10)/3. Suppose 0 = -r + 3*r - v. What is the units digit of r?
8
Suppose 2*s = -3*s + 335. What is the tens digit of s?
6
Let l be (12/(-16))/((-1)/4). Suppose -4*a = m - 19, -a + 10 = l*a - 2*m. What is the units digit of a/(-14) + (-30)/(-7)?
4
Suppose a + 4*h - 154 = 0, 0*a + 3*a - 398 = 4*h. What is the units digit of a?
8
Suppose -g + 3 = -2. What is the units digit of g?
5
Let d(z) = -z**2 - 5*z + 6. Let p(s) = s - 1. Let l(y) = -d(y) - 4*p(y). What is the units digit of l(-3)?
4
Let f(g) = 5*g**2 - 8*g. Let q(u) = -9*u**2 + 15*u - 1. Let s(h) = -5*f(h) - 3*q(h). What is the units digit of s(4)?
5
Let a(c) = -10*c - 10. What is the units digit of a(-5)?
0
Let t(c) = c**2 + 8*c - 19. What is the units digit of t(12)?
1
Suppose -44 = 4*n - 2*q, 4*n + 0*q - 4*q = -52. What is the units digit of 10/15 - 12/n?
2
Let c(j) = 48*j - 3. What is the hundreds digit of c(3)?
1
Let k = 2 - -6. What is the units digit of k?
8
Let b(y) = -25*y**3 + 4*y**2 + 6*y + 2. What is the units digit of b(-2)?
6
Let a = 17 - 22. Let h(w) = -5*w. What is the units digit of h(a)?
5
What is the units digit of (-9)/36 - 173/(-4)?
3
Suppose -5*q - 26 = 64. Suppose -130 = -7*b + 2*b. Let l = b + q. What is the units digit of l?
8
Let s = 160 - 8. What is the units digit of s?
2
Let p be ((-2)/(-4))/(2/(-60)). Let y = p + 23. What is the units digit of y?
8
Let n = 95 - 20. Let f = -47 + n. What is the tens digit of f?
2
Let b be 24 + (-2)/(-3)*-6. What is the units digit of (-5)/b*136/(-2)?
7
What is the units digit of (440/(-30))/(1/(-3))?
4
Let m(x) = x**3 + 5*x**2 - x - 1. Suppose -2*z - z + 3*j = 9, -5*z - 2*j - 15 = 0. What is the tens digit of m(z)?
2
Let k be (45/12)/(-3)*-4. Suppose -k*m - 36 = -2*g, g - m = 6 + 6. What is the units digit of g?
8
Let o be 0*(-2)/4 + 1. Let i be -4*o*-2 + -2. Let s(n) = n**2 - 4*n - 5. What is the units digit of s(i)?
7
Let p(o) = o**3 + 12*o**2 - 3*o - 10. What is the units digit of p(-12)?
6
Let a(x) = -x**2 - 16*x - 15. What is the units digit of a(-14)?
3
Let z be 2/((6/19)/(-3)). Let h = 3 - z. What is the units digit of h?
2
Suppose 0 = -7*s + 212 + 257. What is the units digit of s?
7
Suppose -35 = -6*t + t. What is the units digit of t/14*(-1 + 39)?
9
Let x(k) = 2*k - 5. Let z be x(5). Let p be (2 - 1)/(z/25). Suppose -2*g + 13 - 3 = -p*y, 2*g - 10 = -y. What is the units digit of g?
5
Let z(h) = h**3 - 7*h**2 + 2*h - 9. Let w be z(7). Suppose 2*c + 43 + 20 = 3*m, 0 = -w*c. What is the units digit of m?
1
Let r be (4/3)/(16/48). What is the units digit of (-2)/r*(3 - 61)?
9
Let t(r) = 2*r**2 - 2*r - 12. What is the tens digit of t(6)?
4
Suppose -3*d = -4*d + 1. Suppose 3*v = -3*s + 3, -2*s + d = -3*v - 21. What is the units digit of s?
5
Suppose 0 = 3*w + 4*f - 11, 5*w - 37 = -3*f + f. What is the units digit of w?
9
Let y be (-3)/6 + (-1)/(-2). Suppose 0 = a + 3*a - 24. Let l = y + a. What is the units digit of l?
6
Let n(j) = -22*j**2 + 6*j + 6. Let d(f) = 7*f**2 - 2*f - 2. Let y(h) = -16*d(h) - 5*n(h). Let g be y(2). Let t(k) = -k. What is the units digit of t(g)?
2
Let t be (0 + 2)*98/4. Let h = t - 33. What is the units digit of h?
6
Let g = -90 + 186. Let r be (1 - 0) + g/(-6). Let h = -7 - r. What is the units digit of h?
8
Let r = 4 + -7. Let l be 5 + 3/(r/2). Suppose l*v - u - 23 = u, u = v - 9. What is the units digit of v?
5
Let o(q) = 10*q + 3. Let f(t) = -9*t - 3. Let j(l) = 7*f(l) + 6*o(l). What is the tens digit of j(-7)?
1
Suppose 2*j = 5*l + 118 - 383, -j - 5 = 0. What is the tens digit of l?
5
Let t = -8 + 12. Let r(u) = u**3 + 19*u**2 - 2*u - 35. Let b be r(-19). What is the tens digit of (b - 10)*(2 - t)?
1
Let g(w) = -w**3 - 5*w**2 - w**2 + 0*w - 5*w**2 - w - 4. What is the units digit of g(-11)?
7
Suppose 3*o = -4*c + 14, -4 = 3*o - c - 4*c. Suppose -2*r - 5*q = -3, -r + q = -10 - o. What is the units digit of r?
9
Let v(b) be the third derivative of -b**7/2520 + b**6/120 + b**5/60 - b**4/8 - b**2. Let m(g) be the second derivative of v(g). What is the units digit of m(4)?
0
Suppose 0*t = 2*t - 134. Suppose -4*k + 207 = t. What is the units digit of k?
5
Let f be (-247)/(-91) + 2/7. Suppose f = h + 4*g - 1, 2*g + 54 = 3*h. What is the tens digit of h?
1
Let u be 2*(-2 + 1)/(-2). Let k = u + 8. What is the units digit of k?
9
Let h be (25/(-3))/((-1)/6). Let o be h/(-15)*6/(-5). Suppose -2*l + 3*r = -4, 0*l = -2*l + 5*r + o. What is the units digit of l?
2
Suppose 3*k - 378 = -0*p + 3*p, 0 = 2*k - 3*p - 255. What is the tens digit of k?
2
Let p = -54 + 75. Let c = p + -11. Suppose -4*a - 3*b = -0 - 1, -2*b = 5*a - c. What is the units digit of a?
4
Let s be 427/35 - 2/10. What is the units digit of (s/(-7))/((-4)/28)?
2
Suppose -w - 4 = -v, 4*v = 5*w - 5 + 25. Let b(k) = k**3 + 10*k**2 - 11*k - 6. Let t be b(-11). What is the units digit of w/t*(9 + 3)?
8
What is the units digit of 3 + 42 + (7 - 4)?
8
Let c be (16/20)/((-2)/5). Let t be c/7 - (-300)/(-28). What is the units digit of 1 + -2 + -2 - t?
8
Let f(q) = 4*q**3 - 2*q**2 + q - 1. Let l be f(2). Suppose -5*o - 3*c = -24 - l, 2*o - 5*c = 1. What is the units digit of (6 + -3)/(6/o)?
4
Suppose -o = 4*o - 35. What is the units digit of o?
7
Let o(i) = 2 + 7*i - 2*i - i. Let q(p) = 4*p**2 + 2*p + 1. Let t be q(-1). What is the units digit of o(t)?
4
Let k(h) = 2 - 10*h + 3 - 5 - 1. What is the units digit of k(-1)?
9
Let z = 3 - -2. Suppose -t - v + 4 = 0, 5 = -4*t - 5*v + 25. Suppose t = 3*f - z*f + 4. What is the units digit of f?
2
Suppose 0 = 3*d - 4*n - 5, 0 = 2*d - 4*d + 3*n + 3. Let w be 0/(2 + -7 - -2). Let o = w + d. What is the units digit of o?
3
Suppose 3*y = 5*y + 4. Let j be (-15)/3 - -1*1. What is the tens digit of y*j/((-8)/(-15))?
1
Let b = 9 + -4. Suppose -34 = -u - 0*u + 3*g, 73 = 2*u - b*g. What is the tens digit of u?
4
Suppose -q = x - 5, q + 5 = x + 10. Suppose -228 = -q*s + s. What is the units digit of s?
7
Let i(s) be the first derivative of -s**4/4 - 11*s**3/3 - 3*s**2/2 + 2. Let j be i(-11). Suppose 0 = -0*q + 3*q - j. What is the units digit of q?
1
Let b(v) = v**3 - 6*v**2 + 4*v - 1. Let l be b(5). Let o be (l/(-4))/((-12)/(-16)). Suppose 5*r - s + 0*s - 10 = 0, -o*r + 7 = -s. What is the units digit of r?
1
Let m(u) = -2*u**3 - u**2 + 3*u + 1. Let v be (-4 + 0)*3/4. Let n = v + 1. What is the units digit of m(n)?
7
Let z(a) = -a**2 + 5*a + 10. Let i be z(6). Suppose i*l - 30 = 2*l. What is the tens digit of l?
1
Suppose 3*z + 0*z = 84. Let x = -16 + z. What is the units digit of x?
2
Suppose 0 = -4*c - 2*f, -4 = 2*c + 3*f - f. Suppose 8 - 4 = c*y. What is the units digit of y?
2
What is the units digit of 3/(3/2) + (9 - -139)?
0
Let s = -25 - -71. What is the units digit of s?
6
Let x be (1*2)/((-4)/(-26)). Let q = -7 + x. What is the units digit of q?
6
Suppose -q - 2*q - 4*w = 6, -13 = -5*q + w. What is the units digit of q?
2
Let h(k) = -22*k. Let s be h(-1). Let i = s + 9. What is the tens digit of i?
3
Let h(s) = -20*s - 30. What is the tens digit of h(-20)?
7
Suppose 3*b - 390 = -3*b. What is the units digit of b?
5
Suppose 2*t = -5*n + 1, 3*n + 2 + 7 = 2*t. Let h = t - -39. What is the tens digit of h?
4
What is the units digit of (-2)/(6/12 - 3/4)?
8
What is the hundreds digit of (-15)/(-9) + -1 + (-1984)/(-12)?
1
Suppose 0 = 3*u + q - 25, 2*u = -u - 2*q + 20. What is the units digit of u?
0
Suppose 6*s = s + 15. Let k be 17 + (7 - s - 1). Let j = k + -8. What is the units digit of j?
2
Let j be 14/8 + (-1)/(-4). Let x(f) = -3*f**2 - 7*f**j + 0 - f**3 + 4. What is the units digit of x(-10)?
4
Let w(z) = 2*z - 16 - 3*z - 4*z - 2. Let v be w(-12). Let o = v + -26. What is the units digit of o?
6
Let y(u) = -7*u - 12. Let h be y(-10). Suppose -3*f - 13 + h = 0. What is the units digit of f?
5
Let i(t) = -t**2 + 13*t + 5. What is the tens digit of i(12)?
1
Let b = -18 - 0. Let k = -12 - b. What is the units digit of (-4)/((-4)/2) + k?
8
Let z = -14 - -44. What is the units digit of z?
0
Suppose 23 = -z + 85. What is the tens digit of z